{"id":5922,"date":"2025-01-29T20:27:25","date_gmt":"2025-01-29T18:27:25","guid":{"rendered":"https:\/\/www.zusnizna.sk\/?page_id=5922"},"modified":"2025-03-11T15:05:25","modified_gmt":"2025-03-11T13:05:25","slug":"vendelin-habovstiak","status":"publish","type":"page","link":"https:\/\/www.zusnizna.sk\/?page_id=5922","title":{"rendered":"Vendel\u00edn Habov\u0161tiak"},"content":{"rendered":"\n\n\n<p><strong>Vendel\u00edn Habov\u0161tiak<\/strong> (1924 \u2013 2014) sa narodil v Krivej. Po maturite na gymn\u00e1ziu v Trstenej odi\u0161iel do Bratislavy, kde \u0161tudoval na Vy\u0161\u0161ej pedagogickej \u0161kole hudobn\u00fa v\u00fdchovu a sloven\u010dinu. \u201eSkvel\u00e9 hudobn\u00e9 z\u00e1klady mu dal aj velik\u00e1n <strong>Eugen Sucho\u0148<\/strong>,\u201c hovor\u00ed s\u00fa\u010dasn\u00fd riadite\u013e Peter Ku\u010dka. Do z\u00e1kladnej \u0161koly v Ni\u017enej pri\u0161iel v roku 1959. Ke\u010f sa v roku 1976 podarilo zalo\u017ei\u0165 v obci samostatn\u00fa \u013eudov\u00fa \u0161kolu umenia, na \u010dom mal ve\u013ek\u00fa z\u00e1sluhu, stal sa jej prv\u00fdm riadite\u013eom a p\u00f4sobil v nej takmer do d\u00f4chodku. Okrem toho viedol spev\u00e1cku zlo\u017eku v s\u00fabore Oravan a detsk\u00fd spev\u00e1cky zbor. \u201eVendo l\u00e1sku k hudbe rozd\u00e1val pln\u00fdmi priehr\u0161tiami. Bol to \u010dlovek skromn\u00fd, ale \u010dinorod\u00fd, ve\u010f a\u017e do posledn\u00e9ho v\u00fddychu hral na organe v rodnej Krivej. V\u017edy vedel, \u017ee zalo\u017ei\u0165 v Ni\u017enej umeleck\u00fa \u0161kolu je spr\u00e1vne rozhodnutie,\u201c spom\u00edna P. Ku\u010dka.<\/p>\n\n\n\n<figure class=\"wp-block-image size-full\"><img decoding=\"async\" width=\"600\" height=\"444\" src=\"https:\/\/www.zusnizna.sk\/wp-content\/uploads\/2025\/01\/vendo_absolvent.png\" alt=\"\" class=\"wp-image-5933\" srcset=\"https:\/\/www.zusnizna.sk\/wp-content\/uploads\/2025\/01\/vendo_absolvent.png 600w, https:\/\/www.zusnizna.sk\/wp-content\/uploads\/2025\/01\/vendo_absolvent-300x222.png 300w, https:\/\/www.zusnizna.sk\/wp-content\/uploads\/2025\/01\/vendo_absolvent-80x60.png 80w\" sizes=\"(max-width: 600px) 100vw, 600px\" \/><figcaption class=\"wp-element-caption\">Vendel\u00edn Habov\u0161tiak (v\u013eavo dole) ako absolvent VP\u0160 v Bratislave. <br>V\u013eavo hore jeden z jeho pedag\u00f3gov &#8211; Eugen Sucho\u0148.<\/figcaption><\/figure>\n\n\n\n<figure class=\"wp-block-image size-full\"><img decoding=\"async\" width=\"600\" height=\"405\" src=\"https:\/\/www.zusnizna.sk\/wp-content\/uploads\/2025\/01\/vendo_zbormajster.png\" alt=\"\" class=\"wp-image-5934\" srcset=\"https:\/\/www.zusnizna.sk\/wp-content\/uploads\/2025\/01\/vendo_zbormajster.png 600w, https:\/\/www.zusnizna.sk\/wp-content\/uploads\/2025\/01\/vendo_zbormajster-300x203.png 300w\" sizes=\"(max-width: 600px) 100vw, 600px\" \/><figcaption class=\"wp-element-caption\">Vendel\u00edn Habov\u0161tiak ako dirigent detsk\u00e9ho spev\u00e1ckeho zboru.<\/figcaption><\/figure>\n\n\n\n\n\n<figure class=\"wp-block-image size-full\"><img decoding=\"async\" width=\"600\" height=\"404\" src=\"https:\/\/www.zusnizna.sk\/wp-content\/uploads\/2025\/01\/vendo_organista.png\" alt=\"\" class=\"wp-image-5935\" srcset=\"https:\/\/www.zusnizna.sk\/wp-content\/uploads\/2025\/01\/vendo_organista.png 600w, https:\/\/www.zusnizna.sk\/wp-content\/uploads\/2025\/01\/vendo_organista-300x202.png 300w\" sizes=\"(max-width: 600px) 100vw, 600px\" \/><figcaption class=\"wp-element-caption\">Vendel\u00edn Habov\u0161tiak ako organista.<\/figcaption><\/figure>\n\n\n\n<figure class=\"wp-block-image size-full\"><img decoding=\"async\" width=\"600\" height=\"413\" src=\"https:\/\/www.zusnizna.sk\/wp-content\/uploads\/2025\/01\/vendo_ucitel.png\" alt=\"\" class=\"wp-image-5936\" srcset=\"https:\/\/www.zusnizna.sk\/wp-content\/uploads\/2025\/01\/vendo_ucitel.png 600w, https:\/\/www.zusnizna.sk\/wp-content\/uploads\/2025\/01\/vendo_ucitel-300x207.png 300w\" sizes=\"(max-width: 600px) 100vw, 600px\" \/><figcaption class=\"wp-element-caption\">Vendel\u00edn Habov\u0161tiak (v strede) s kolekt\u00edvom u\u010dite\u013eov a \u017eiakov ZU\u0160.<\/figcaption><\/figure>\n\n\n\n<figure class=\"wp-block-image size-full\"><img decoding=\"async\" width=\"600\" height=\"800\" src=\"https:\/\/www.zusnizna.sk\/wp-content\/uploads\/2025\/01\/vendo_foto.png\" alt=\"\" class=\"wp-image-5937\" srcset=\"https:\/\/www.zusnizna.sk\/wp-content\/uploads\/2025\/01\/vendo_foto.png 600w, https:\/\/www.zusnizna.sk\/wp-content\/uploads\/2025\/01\/vendo_foto-225x300.png 225w\" sizes=\"(max-width: 600px) 100vw, 600px\" \/><figcaption class=\"wp-element-caption\">Vendel\u00edn Habov\u0161tiak na fotografii z tabla absolventov \u013d\u0160U v roku 1981.<\/figcaption><\/figure>\n<!-- PMB print buttons is only displayed on a single post\/page URLs-->","protected":false},"excerpt":{"rendered":"<div class=\"mh-excerpt\"><p>Vendel\u00edn Habov\u0161tiak (1924 \u2013 2014) sa narodil v Krivej. Po maturite na gymn\u00e1ziu v Trstenej odi\u0161iel do Bratislavy, kde \u0161tudoval na Vy\u0161\u0161ej pedagogickej \u0161kole hudobn\u00fa <a class=\"mh-excerpt-more\" href=\"https:\/\/www.zusnizna.sk\/?page_id=5922\" title=\"Vendel\u00edn Habov\u0161tiak\">[&#8230;]<\/a><\/p>\n<\/div>","protected":false},"author":3,"featured_media":0,"parent":178,"menu_order":2,"comment_status":"closed","ping_status":"closed","template":"","meta":[],"_links":{"self":[{"href":"https:\/\/www.zusnizna.sk\/index.php?rest_route=\/wp\/v2\/pages\/5922"}],"collection":[{"href":"https:\/\/www.zusnizna.sk\/index.php?rest_route=\/wp\/v2\/pages"}],"about":[{"href":"https:\/\/www.zusnizna.sk\/index.php?rest_route=\/wp\/v2\/types\/page"}],"author":[{"embeddable":true,"href":"https:\/\/www.zusnizna.sk\/index.php?rest_route=\/wp\/v2\/users\/3"}],"replies":[{"embeddable":true,"href":"https:\/\/www.zusnizna.sk\/index.php?rest_route=%2Fwp%2Fv2%2Fcomments&post=5922"}],"version-history":[{"count":7,"href":"https:\/\/www.zusnizna.sk\/index.php?rest_route=\/wp\/v2\/pages\/5922\/revisions"}],"predecessor-version":[{"id":5982,"href":"https:\/\/www.zusnizna.sk\/index.php?rest_route=\/wp\/v2\/pages\/5922\/revisions\/5982"}],"up":[{"embeddable":true,"href":"https:\/\/www.zusnizna.sk\/index.php?rest_route=\/wp\/v2\/pages\/178"}],"wp:attachment":[{"href":"https:\/\/www.zusnizna.sk\/index.php?rest_route=%2Fwp%2Fv2%2Fmedia&parent=5922"}],"curies":[{"name":"wp","href":"https:\/\/api.w.org\/{rel}","templated":true}]}}